{"version":"1.0","provider_name":"Hotel Cala Fornells","provider_url":"https:\/\/www.calafornells.com\/de\/","title":"Cala Fornells erwacht mit der neuen Saison | Hotel Cala Fornells","type":"rich","width":600,"height":338,"html":"<blockquote class=\"wp-embedded-content\" data-secret=\"WpnOVUHvyn\"><a href=\"https:\/\/www.calafornells.com\/de\/cala-fornells-erwacht-mit-der-neuen-saison\/\">Cala Fornells erwacht mit der neuen Saison<\/a><\/blockquote><iframe sandbox=\"allow-scripts\" security=\"restricted\" src=\"https:\/\/www.calafornells.com\/de\/cala-fornells-erwacht-mit-der-neuen-saison\/embed\/#?secret=WpnOVUHvyn\" width=\"600\" height=\"338\" title=\"&#8222;Cala Fornells erwacht mit der neuen Saison&#8220; &#8211; Hotel Cala Fornells\" data-secret=\"WpnOVUHvyn\" frameborder=\"0\" marginwidth=\"0\" marginheight=\"0\" scrolling=\"no\" class=\"wp-embedded-content\"><\/iframe><script>\n\/*! This file is auto-generated *\/\n!function(d,l){\"use strict\";l.querySelector&&d.addEventListener&&\"undefined\"!=typeof URL&&(d.wp=d.wp||{},d.wp.receiveEmbedMessage||(d.wp.receiveEmbedMessage=function(e){var t=e.data;if((t||t.secret||t.message||t.value)&&!\/[^a-zA-Z0-9]\/.test(t.secret)){for(var s,r,n,a=l.querySelectorAll('iframe[data-secret=\"'+t.secret+'\"]'),o=l.querySelectorAll('blockquote[data-secret=\"'+t.secret+'\"]'),c=new RegExp(\"^https?:$\",\"i\"),i=0;i<o.length;i++)o[i].style.display=\"none\";for(i=0;i<a.length;i++)s=a[i],e.source===s.contentWindow&&(s.removeAttribute(\"style\"),\"height\"===t.message?(1e3<(r=parseInt(t.value,10))?r=1e3:~~r<200&&(r=200),s.height=r):\"link\"===t.message&&(r=new URL(s.getAttribute(\"src\")),n=new URL(t.value),c.test(n.protocol))&&n.host===r.host&&l.activeElement===s&&(d.top.location.href=t.value))}},d.addEventListener(\"message\",d.wp.receiveEmbedMessage,!1),l.addEventListener(\"DOMContentLoaded\",function(){for(var e,t,s=l.querySelectorAll(\"iframe.wp-embedded-content\"),r=0;r<s.length;r++)(t=(e=s[r]).getAttribute(\"data-secret\"))||(t=Math.random().toString(36).substring(2,12),e.src+=\"#?secret=\"+t,e.setAttribute(\"data-secret\",t)),e.contentWindow.postMessage({message:\"ready\",secret:t},\"*\")},!1)))}(window,document);\n\/\/# sourceURL=https:\/\/www.calafornells.com\/wp-includes\/js\/wp-embed.min.js\n<\/script>\n","thumbnail_url":"https:\/\/www.calafornells.com\/wp-content\/uploads\/2026\/03\/hotel-cala-fornells-primavera-2026.jpg","thumbnail_width":1599,"thumbnail_height":899,"description":"Mit der Ankunft des Fr\u00fchlings erwacht Cala Fornells langsam wieder zum Leben. Die Tage werden l\u00e4nger, das mediterrane Licht erf\u00fcllt erneut die Bucht, und dieser kleine Ort auf Mallorca findet zu seinem ruhigen Rhythmus zur\u00fcck, der ihn so besonders macht. Im Hotel Cala Fornells hat diese Zeit des Jahres eine ganz besondere Bedeutung. Nach den..."}

Mit der Ankunft des Frühlings erwacht Cala Fornells langsam wieder zum Leben. Die Tage werden länger, das mediterrane Licht erfüllt erneut die Bucht, und dieser kleine Ort auf Mallorca findet zu seinem ruhigen Rhythmus zurück, der ihn so besonders macht. Im Hotel Cala Fornells hat diese Zeit des Jahres eine ganz besondere Bedeutung. Nach den...
