{"id":7165,"date":"2014-06-13T17:21:12","date_gmt":"2014-06-13T17:21:12","guid":{"rendered":"https:\/\/www.calafornells.com\/paquetes\/paquete-hotel-coche\/"},"modified":"2023-03-05T13:58:05","modified_gmt":"2023-03-05T12:58:05","slug":"hotel-mietauto","status":"publish","type":"page","link":"https:\/\/www.calafornells.com\/de\/hotel-pakete\/hotel-mietauto\/","title":{"rendered":"Hotel + Mietauto"},"content":{"rendered":"<section class=\"l-section wpb_row height_medium\"><div class=\"l-section-h i-cf\"><div class=\"g-cols vc_row via_flex valign_top type_default stacking_default\"><div class=\"vc_col-sm-12 wpb_column vc_column_container\"><div class=\"vc_column-inner\"><div class=\"wpb_wrapper\"><div class=\"wpb_text_column\"><div class=\"wpb_wrapper\"><p>In den Monaten Februar und M\u00e4rz bieten wir verschiedene Buchungspakete an, wie zum Beispiel: Hotel und Auto. Bei einem Aufenthalt von mindestens 7 N\u00e4chten k\u00f6nnen Sie folgendes Angebot wahrnehmen: F\u00fcnf Tage k\u00f6nnen Sie ein Auto der Klasse A (Ford Ka, Fiat Panda oder \u00e4hnliche). Das Auto k\u00f6nnen Sie im Hotel in Empfang nehmen und dort auch wieder abgeben. Der Mietvertrag beinhaltet eine Vollkaskoversicherung und Freikilometer ohne Begrenzung. <a href=\"https:\/\/www.calafornells.com\/hotel-mallorca-online-reservierungen\/\">Hier k\u00f6nnen Sie das Paket buchen<\/a>.<\/p>\n<div class=\"paquets\">\n<h3>Hotel + Mietauto + Weitere Extras<\/h3>\n<h4>Extras inklusive:<\/h4>\n<p>5 Tage Mietauto<\/p>\n<p>Willkommensgetr\u00e4nk<\/p>\n<p>G\u00e4stezimmer Superior als gebucht (je nach Verf\u00fcgbarkeit)<\/p>\n<h4>Verf\u00fcgbarkeit:<\/h4>\n<p>Februar-M\u00e4rz: 225 \u20ac<br \/>\nApril-Oktober: Nicht verf\u00fcgbar<br \/>\nMit Vollkaskoversicherung.<\/p>\n<h4>Bedingungen:<\/h4>\n<p>Nur f\u00fcr <a href=\"https:\/\/www.calafornells.com\/hotel-mallorca-online-reservierungen\/\">Reservierungen auf dieser Website von 7 oder mehr N\u00e4chten<\/a><\/p>\n<\/div>\n<\/div><\/div><\/div><\/div><\/div><\/div><\/div><\/section>\n","protected":false},"excerpt":{"rendered":"In den Monaten Februar und M\u00e4rz bieten wir verschiedene Buchungspakete an, wie zum Beispiel: Hotel und Auto. Bei einem Aufenthalt von mindestens 7 N\u00e4chten k\u00f6nnen Sie folgendes Angebot wahrnehmen: F\u00fcnf Tage k\u00f6nnen Sie ein Auto der Klasse A (Ford Ka, Fiat Panda oder \u00e4hnliche). Das Auto k\u00f6nnen Sie im Hotel in Empfang nehmen und dort...","protected":false},"author":1,"featured_media":9506,"parent":7160,"menu_order":0,"comment_status":"closed","ping_status":"closed","template":"","meta":{"footnotes":""},"class_list":["post-7165","page","type-page","status-publish","has-post-thumbnail","hentry"],"yoast_head":"<!-- This site is optimized with the Yoast SEO plugin v27.5 - https:\/\/yoast.com\/product\/yoast-seo-wordpress\/ -->\n<title>Hotel + Mietauto | Hotel Cala Fornells<\/title>\n<meta name=\"robots\" content=\"index, follow, max-snippet:-1, max-image-preview:large, max-video-preview:-1\" \/>\n<link rel=\"canonical\" href=\"https:\/\/www.calafornells.com\/paquetes\/paquete-hotel-coche\/\" \/>\n<meta property=\"og:locale\" content=\"de_DE\" \/>\n<meta property=\"og:type\" content=\"article\" \/>\n<meta property=\"og:title\" content=\"Hotel + Mietauto | Hotel Cala Fornells\" \/>\n<meta property=\"og:url\" content=\"https:\/\/www.calafornells.com\/paquetes\/paquete-hotel-coche\/\" \/>\n<meta property=\"og:site_name\" content=\"Hotel Cala Fornells\" \/>\n<meta property=\"article:publisher\" content=\"https:\/\/www.facebook.com\/hotel.calafornells\/\" \/>\n<meta property=\"article:modified_time\" content=\"2023-03-05T12:58:05+00:00\" \/>\n<meta property=\"og:image\" content=\"https:\/\/www.calafornells.com\/wp-content\/uploads\/2014\/06\/hotel-cala-fornells-coche.jpg\" \/>\n\t<meta property=\"og:image:width\" content=\"1920\" \/>\n\t<meta property=\"og:image:height\" content=\"1280\" \/>\n\t<meta property=\"og:image:type\" content=\"image\/jpeg\" \/>\n<meta name=\"twitter:card\" content=\"summary_large_image\" \/>\n<meta name=\"twitter:label1\" content=\"Gesch\u00e4tzte Lesezeit\" \/>\n\t<meta name=\"twitter:data1\" content=\"1\u00a0Minute\" \/>\n<script type=\"application\/ld+json\" class=\"yoast-schema-graph\">{\"@context\":\"https:\\\/\\\/schema.org\",\"@graph\":[{\"@type\":\"WebPage\",\"@id\":\"https:\\\/\\\/www.calafornells.com\\\/paquetes\\\/paquete-hotel-coche\\\/\",\"url\":\"https:\\\/\\\/www.calafornells.com\\\/paquetes\\\/paquete-hotel-coche\\\/\",\"name\":\"Hotel + Mietauto | Hotel Cala Fornells\",\"isPartOf\":{\"@id\":\"https:\\\/\\\/www.calafornells.com\\\/#website\"},\"primaryImageOfPage\":{\"@id\":\"https:\\\/\\\/www.calafornells.com\\\/paquetes\\\/paquete-hotel-coche\\\/#primaryimage\"},\"image\":{\"@id\":\"https:\\\/\\\/www.calafornells.com\\\/paquetes\\\/paquete-hotel-coche\\\/#primaryimage\"},\"thumbnailUrl\":\"https:\\\/\\\/www.calafornells.com\\\/wp-content\\\/uploads\\\/2014\\\/06\\\/hotel-cala-fornells-coche.jpg\",\"datePublished\":\"2014-06-13T17:21:12+00:00\",\"dateModified\":\"2023-03-05T12:58:05+00:00\",\"breadcrumb\":{\"@id\":\"https:\\\/\\\/www.calafornells.com\\\/paquetes\\\/paquete-hotel-coche\\\/#breadcrumb\"},\"inLanguage\":\"de\",\"potentialAction\":[{\"@type\":\"ReadAction\",\"target\":[\"https:\\\/\\\/www.calafornells.com\\\/paquetes\\\/paquete-hotel-coche\\\/\"]}]},{\"@type\":\"ImageObject\",\"inLanguage\":\"de\",\"@id\":\"https:\\\/\\\/www.calafornells.com\\\/paquetes\\\/paquete-hotel-coche\\\/#primaryimage\",\"url\":\"https:\\\/\\\/www.calafornells.com\\\/wp-content\\\/uploads\\\/2014\\\/06\\\/hotel-cala-fornells-coche.jpg\",\"contentUrl\":\"https:\\\/\\\/www.calafornells.com\\\/wp-content\\\/uploads\\\/2014\\\/06\\\/hotel-cala-fornells-coche.jpg\",\"width\":1920,\"height\":1280},{\"@type\":\"BreadcrumbList\",\"@id\":\"https:\\\/\\\/www.calafornells.com\\\/paquetes\\\/paquete-hotel-coche\\\/#breadcrumb\",\"itemListElement\":[{\"@type\":\"ListItem\",\"position\":1,\"name\":\"Portada\",\"item\":\"https:\\\/\\\/www.calafornells.com\\\/de\\\/\"},{\"@type\":\"ListItem\",\"position\":2,\"name\":\"Hotel-Pakete\",\"item\":\"https:\\\/\\\/www.calafornells.com\\\/paquetes\\\/\"},{\"@type\":\"ListItem\",\"position\":3,\"name\":\"Hotel + Mietauto\"}]},{\"@type\":\"WebSite\",\"@id\":\"https:\\\/\\\/www.calafornells.com\\\/#website\",\"url\":\"https:\\\/\\\/www.calafornells.com\\\/\",\"name\":\"Hotel Cala Fornells\",\"description\":\"4* Paguera Mallorca | Offizielle Website | Bester Preis Online Garantiert\",\"publisher\":{\"@id\":\"https:\\\/\\\/www.calafornells.com\\\/#organization\"},\"potentialAction\":[{\"@type\":\"SearchAction\",\"target\":{\"@type\":\"EntryPoint\",\"urlTemplate\":\"https:\\\/\\\/www.calafornells.com\\\/?s={search_term_string}\"},\"query-input\":{\"@type\":\"PropertyValueSpecification\",\"valueRequired\":true,\"valueName\":\"search_term_string\"}}],\"inLanguage\":\"de\"},{\"@type\":\"Organization\",\"@id\":\"https:\\\/\\\/www.calafornells.com\\\/#organization\",\"name\":\"Hotel Cala Fornells\",\"url\":\"https:\\\/\\\/www.calafornells.com\\\/\",\"logo\":{\"@type\":\"ImageObject\",\"inLanguage\":\"de\",\"@id\":\"https:\\\/\\\/www.calafornells.com\\\/#\\\/schema\\\/logo\\\/image\\\/\",\"url\":\"\",\"contentUrl\":\"\",\"caption\":\"Hotel Cala Fornells\"},\"image\":{\"@id\":\"https:\\\/\\\/www.calafornells.com\\\/#\\\/schema\\\/logo\\\/image\\\/\"},\"sameAs\":[\"https:\\\/\\\/www.facebook.com\\\/hotel.calafornells\\\/\",\"https:\\\/\\\/www.instagram.com\\\/hotelcalafornells\\\/\"]}]}<\/script>\n<!-- \/ Yoast SEO plugin. -->","yoast_head_json":{"title":"Hotel + Mietauto | Hotel Cala Fornells","robots":{"index":"index","follow":"follow","max-snippet":"max-snippet:-1","max-image-preview":"max-image-preview:large","max-video-preview":"max-video-preview:-1"},"canonical":"https:\/\/www.calafornells.com\/paquetes\/paquete-hotel-coche\/","og_locale":"de_DE","og_type":"article","og_title":"Hotel + Mietauto | Hotel Cala Fornells","og_url":"https:\/\/www.calafornells.com\/paquetes\/paquete-hotel-coche\/","og_site_name":"Hotel Cala Fornells","article_publisher":"https:\/\/www.facebook.com\/hotel.calafornells\/","article_modified_time":"2023-03-05T12:58:05+00:00","og_image":[{"width":1920,"height":1280,"url":"https:\/\/www.calafornells.com\/wp-content\/uploads\/2014\/06\/hotel-cala-fornells-coche.jpg","type":"image\/jpeg"}],"twitter_card":"summary_large_image","twitter_misc":{"Gesch\u00e4tzte Lesezeit":"1\u00a0Minute"},"schema":{"@context":"https:\/\/schema.org","@graph":[{"@type":"WebPage","@id":"https:\/\/www.calafornells.com\/paquetes\/paquete-hotel-coche\/","url":"https:\/\/www.calafornells.com\/paquetes\/paquete-hotel-coche\/","name":"Hotel + Mietauto | Hotel Cala Fornells","isPartOf":{"@id":"https:\/\/www.calafornells.com\/#website"},"primaryImageOfPage":{"@id":"https:\/\/www.calafornells.com\/paquetes\/paquete-hotel-coche\/#primaryimage"},"image":{"@id":"https:\/\/www.calafornells.com\/paquetes\/paquete-hotel-coche\/#primaryimage"},"thumbnailUrl":"https:\/\/www.calafornells.com\/wp-content\/uploads\/2014\/06\/hotel-cala-fornells-coche.jpg","datePublished":"2014-06-13T17:21:12+00:00","dateModified":"2023-03-05T12:58:05+00:00","breadcrumb":{"@id":"https:\/\/www.calafornells.com\/paquetes\/paquete-hotel-coche\/#breadcrumb"},"inLanguage":"de","potentialAction":[{"@type":"ReadAction","target":["https:\/\/www.calafornells.com\/paquetes\/paquete-hotel-coche\/"]}]},{"@type":"ImageObject","inLanguage":"de","@id":"https:\/\/www.calafornells.com\/paquetes\/paquete-hotel-coche\/#primaryimage","url":"https:\/\/www.calafornells.com\/wp-content\/uploads\/2014\/06\/hotel-cala-fornells-coche.jpg","contentUrl":"https:\/\/www.calafornells.com\/wp-content\/uploads\/2014\/06\/hotel-cala-fornells-coche.jpg","width":1920,"height":1280},{"@type":"BreadcrumbList","@id":"https:\/\/www.calafornells.com\/paquetes\/paquete-hotel-coche\/#breadcrumb","itemListElement":[{"@type":"ListItem","position":1,"name":"Portada","item":"https:\/\/www.calafornells.com\/de\/"},{"@type":"ListItem","position":2,"name":"Hotel-Pakete","item":"https:\/\/www.calafornells.com\/paquetes\/"},{"@type":"ListItem","position":3,"name":"Hotel + Mietauto"}]},{"@type":"WebSite","@id":"https:\/\/www.calafornells.com\/#website","url":"https:\/\/www.calafornells.com\/","name":"Hotel Cala Fornells","description":"4* Paguera Mallorca | Offizielle Website | Bester Preis Online Garantiert","publisher":{"@id":"https:\/\/www.calafornells.com\/#organization"},"potentialAction":[{"@type":"SearchAction","target":{"@type":"EntryPoint","urlTemplate":"https:\/\/www.calafornells.com\/?s={search_term_string}"},"query-input":{"@type":"PropertyValueSpecification","valueRequired":true,"valueName":"search_term_string"}}],"inLanguage":"de"},{"@type":"Organization","@id":"https:\/\/www.calafornells.com\/#organization","name":"Hotel Cala Fornells","url":"https:\/\/www.calafornells.com\/","logo":{"@type":"ImageObject","inLanguage":"de","@id":"https:\/\/www.calafornells.com\/#\/schema\/logo\/image\/","url":"","contentUrl":"","caption":"Hotel Cala Fornells"},"image":{"@id":"https:\/\/www.calafornells.com\/#\/schema\/logo\/image\/"},"sameAs":["https:\/\/www.facebook.com\/hotel.calafornells\/","https:\/\/www.instagram.com\/hotelcalafornells\/"]}]}},"_links":{"self":[{"href":"https:\/\/www.calafornells.com\/de\/wp-json\/wp\/v2\/pages\/7165","targetHints":{"allow":["GET"]}}],"collection":[{"href":"https:\/\/www.calafornells.com\/de\/wp-json\/wp\/v2\/pages"}],"about":[{"href":"https:\/\/www.calafornells.com\/de\/wp-json\/wp\/v2\/types\/page"}],"author":[{"embeddable":true,"href":"https:\/\/www.calafornells.com\/de\/wp-json\/wp\/v2\/users\/1"}],"replies":[{"embeddable":true,"href":"https:\/\/www.calafornells.com\/de\/wp-json\/wp\/v2\/comments?post=7165"}],"version-history":[{"count":13,"href":"https:\/\/www.calafornells.com\/de\/wp-json\/wp\/v2\/pages\/7165\/revisions"}],"predecessor-version":[{"id":13651,"href":"https:\/\/www.calafornells.com\/de\/wp-json\/wp\/v2\/pages\/7165\/revisions\/13651"}],"up":[{"embeddable":true,"href":"https:\/\/www.calafornells.com\/de\/wp-json\/wp\/v2\/pages\/7160"}],"wp:featuredmedia":[{"embeddable":true,"href":"https:\/\/www.calafornells.com\/de\/wp-json\/wp\/v2\/media\/9506"}],"wp:attachment":[{"href":"https:\/\/www.calafornells.com\/de\/wp-json\/wp\/v2\/media?parent=7165"}],"curies":[{"name":"wp","href":"https:\/\/api.w.org\/{rel}","templated":true}]}}

<section class="l-section wpb_row height_medium"><div class="l-section-h i-cf"><div class="g-cols vc_row via_flex valign_top type_default stacking_default"><div class="vc_col-sm-12 wpb_column vc_column_container"><div class="vc_column-inner"><div class="wpb_wrapper"><div class="wpb_text_column"><div class="wpb_wrapper"><p>In den Monaten Februar und März bieten wir verschiedene Buchungspakete an, wie zum Beispiel: Hotel und Auto. Bei einem Aufenthalt von mindestens 7 Nächten können Sie folgendes Angebot wahrnehmen: Fünf Tage können Sie ein Auto der Klasse A (Ford Ka, Fiat Panda oder ähnliche). Das Auto können Sie im Hotel in Empfang nehmen und dort auch wieder abgeben. Der Mietvertrag beinhaltet eine Vollkaskoversicherung und Freikilometer ohne Begrenzung. <a href="https://www.calafornells.com/hotel-mallorca-online-reservierungen/">Hier können Sie das Paket buchen</a>.</p>
<div class="paquets">
<h3>Hotel + Mietauto + Weitere Extras</h3>
<h4>Extras inklusive:</h4>
<p>5 Tage Mietauto</p>
<p>Willkommensgetränk</p>
<p>Gästezimmer Superior als gebucht (je nach Verfügbarkeit)</p>
<h4>Verfügbarkeit:</h4>
<p>Februar-März: 225 €<br />
April-Oktober: Nicht verfügbar<br />
Mit Vollkaskoversicherung.</p>
<h4>Bedingungen:</h4>
<p>Nur für <a href="https://www.calafornells.com/hotel-mallorca-online-reservierungen/">Reservierungen auf dieser Website von 7 oder mehr Nächten</a></p>
</div>
</div></div></div></div></div></div></div></section>

In den Monaten Februar und März bieten wir verschiedene Buchungspakete an, wie zum Beispiel: Hotel und Auto. Bei einem Aufenthalt von mindestens 7 Nächten können Sie folgendes Angebot wahrnehmen: Fünf Tage können Sie ein Auto der Klasse A (Ford Ka, Fiat Panda oder ähnliche). Das Auto können Sie im Hotel in Empfang nehmen und dort...

<!-- This site is optimized with the Yoast SEO plugin v27.5 - https://yoast.com/product/yoast-seo-wordpress/ -->
<title>Hotel + Mietauto | Hotel Cala Fornells</title>
<meta name="robots" content="index, follow, max-snippet:-1, max-image-preview:large, max-video-preview:-1" />
<link rel="canonical" href="https://www.calafornells.com/paquetes/paquete-hotel-coche/" />
<meta property="og:locale" content="de_DE" />
<meta property="og:type" content="article" />
<meta property="og:title" content="Hotel + Mietauto | Hotel Cala Fornells" />
<meta property="og:url" content="https://www.calafornells.com/paquetes/paquete-hotel-coche/" />
<meta property="og:site_name" content="Hotel Cala Fornells" />
<meta property="article:publisher" content="https://www.facebook.com/hotel.calafornells/" />
<meta property="article:modified_time" content="2023-03-05T12:58:05+00:00" />
<meta property="og:image" content="https://www.calafornells.com/wp-content/uploads/2014/06/hotel-cala-fornells-coche.jpg" />
	<meta property="og:image:width" content="1920" />
	<meta property="og:image:height" content="1280" />
	<meta property="og:image:type" content="image/jpeg" />
<meta name="twitter:card" content="summary_large_image" />
<meta name="twitter:label1" content="Geschätzte Lesezeit" />
	<meta name="twitter:data1" content="1 Minute" />
<script type="application/ld+json" class="yoast-schema-graph">{"@context":"https:\/\/schema.org","@graph":[{"@type":"WebPage","@id":"https:\/\/www.calafornells.com\/paquetes\/paquete-hotel-coche\/","url":"https:\/\/www.calafornells.com\/paquetes\/paquete-hotel-coche\/","name":"Hotel + Mietauto | Hotel Cala Fornells","isPartOf":{"@id":"https:\/\/www.calafornells.com\/#website"},"primaryImageOfPage":{"@id":"https:\/\/www.calafornells.com\/paquetes\/paquete-hotel-coche\/#primaryimage"},"image":{"@id":"https:\/\/www.calafornells.com\/paquetes\/paquete-hotel-coche\/#primaryimage"},"thumbnailUrl":"https:\/\/www.calafornells.com\/wp-content\/uploads\/2014\/06\/hotel-cala-fornells-coche.jpg","datePublished":"2014-06-13T17:21:12+00:00","dateModified":"2023-03-05T12:58:05+00:00","breadcrumb":{"@id":"https:\/\/www.calafornells.com\/paquetes\/paquete-hotel-coche\/#breadcrumb"},"inLanguage":"de","potentialAction":[{"@type":"ReadAction","target":["https:\/\/www.calafornells.com\/paquetes\/paquete-hotel-coche\/"]}]},{"@type":"ImageObject","inLanguage":"de","@id":"https:\/\/www.calafornells.com\/paquetes\/paquete-hotel-coche\/#primaryimage","url":"https:\/\/www.calafornells.com\/wp-content\/uploads\/2014\/06\/hotel-cala-fornells-coche.jpg","contentUrl":"https:\/\/www.calafornells.com\/wp-content\/uploads\/2014\/06\/hotel-cala-fornells-coche.jpg","width":1920,"height":1280},{"@type":"BreadcrumbList","@id":"https:\/\/www.calafornells.com\/paquetes\/paquete-hotel-coche\/#breadcrumb","itemListElement":[{"@type":"ListItem","position":1,"name":"Portada","item":"https:\/\/www.calafornells.com\/de\/"},{"@type":"ListItem","position":2,"name":"Hotel-Pakete","item":"https:\/\/www.calafornells.com\/paquetes\/"},{"@type":"ListItem","position":3,"name":"Hotel + Mietauto"}]},{"@type":"WebSite","@id":"https:\/\/www.calafornells.com\/#website","url":"https:\/\/www.calafornells.com\/","name":"Hotel Cala Fornells","description":"4* Paguera Mallorca | Offizielle Website | Bester Preis Online Garantiert","publisher":{"@id":"https:\/\/www.calafornells.com\/#organization"},"potentialAction":[{"@type":"SearchAction","target":{"@type":"EntryPoint","urlTemplate":"https:\/\/www.calafornells.com\/?s={search_term_string}"},"query-input":{"@type":"PropertyValueSpecification","valueRequired":true,"valueName":"search_term_string"}}],"inLanguage":"de"},{"@type":"Organization","@id":"https:\/\/www.calafornells.com\/#organization","name":"Hotel Cala Fornells","url":"https:\/\/www.calafornells.com\/","logo":{"@type":"ImageObject","inLanguage":"de","@id":"https:\/\/www.calafornells.com\/#\/schema\/logo\/image\/","url":"","contentUrl":"","caption":"Hotel Cala Fornells"},"image":{"@id":"https:\/\/www.calafornells.com\/#\/schema\/logo\/image\/"},"sameAs":["https:\/\/www.facebook.com\/hotel.calafornells\/","https:\/\/www.instagram.com\/hotelcalafornells\/"]}]}</script>
<!-- / Yoast SEO plugin. -->
